q?
5
Let j(y) = 139*y**3 + y**2 + 2*y. What is the units digit of j(2)?
0
Let a = 24 - -2382. What is the thousands digit of a?
2
Suppose 0 = -g + 6 - 18. Let z be (-16)/g*(90 + 3). Suppose 2*n = -d + 62, 7*n - 3*n + d - z = 0. What is the units digit of n?
1
Suppose -4*k = -12 - 40. Suppose 0 = -4*n + 5*i + 25, -n + k = 2*i - i. Suppose -n = -2*w - 2. What is the units digit of w?
4
What is the hundreds digit of (-5 - (-3 - 4)) + 284?
2
Let r(o) = o**3 + 8*o**2 - 8*o - 3. Let t be r(-8). Suppose 2*i = -5*c + t, -c + 67 = 4*c - i. Let g = c - 11. What is the units digit of g?
2
What is the units digit of ((-419)/(-3) - 1)*2205/294?
0
Let w = 7471 + -2691. What is the units digit of w?
0
Let c = -155 - -226. Let l = 243 - c. What is the units digit of l?
2
Let t(d) be the second derivative of -d**5/20 - 11*d**4/12 - d**3/3 - 6*d. What is the units digit of t(-11)?
2
Let x be (-190)/(-3) - 8/24. Suppose 2*v + x = q, 8*q - 4*q + 2*v = 212. What is the units digit of q?
5
Let o be 5/(10/46) - 4. Let q = o + -19. Suppose -v - 3*k + 40 = q, -5*k + k - 110 = -2*v. What is the units digit of v?
9
Let g(b) = -b**3 + 12*b**2 + 19*b - 34. What is the hundreds digit of g(9)?
3
Suppose -8 = -4*t, 3*k - 4*t - 25 = -9*t. Let i be -15 + -2 + -2 + k. What is the tens digit of 488/14 - 2/i?
3
Suppose -5*t + 2*t = -15. Suppose 32 = -3*p + t*p. Suppose p = 2*r - r. What is the units digit of r?
6
Let o(n) = 409*n**2 - 6*n - 5. What is the units digit of o(-1)?
0
Let z be (-4)/5*(-40)/16. What is the units digit of z/(-11) - 4300/(-55)?
8
Suppose 4*l + 4*m = -2 - 2, -5*l + 5*m - 5 = 0. Let p be (-12)/(-9)*(2 - l). Suppose p*q = 9 + 11. What is the units digit of q?
5
Let y = -2 - -6. Suppose 0*s = -2*f + y*s + 16, -2*f = 4*s + 8. Suppose -f*v + 0*v = -20. What is the units digit of v?
0
Let r = -25 + 27. Suppose 65 = -r*q + 197. What is the units digit of 2/(-4)*4 + q?
4
Suppose 0 = -p + 2*i + 194 - 46, -5*i - 442 = -3*p. Suppose -p = -3*u + 48. What is the units digit of u?
4
Let p(q) = -77*q - 225. What is the tens digit of p(-21)?
9
Let r = -32 - -104. Let s = r - 47. Suppose z - s = 9. What is the tens digit of z?
3
Let k = -1312 - -1508. What is the hundreds digit of k?
1
Let j be ((-15)/10)/(3/(-26)). Suppose 3*w + 11 + j = 0. Let n(m) = m**2 + 6*m + 8. What is the units digit of n(w)?
4
Let a = -1264 - -2879. What is the tens digit of a?
1
Let a(j) = 6*j**2 + 28*j + 78. What is the tens digit of a(-9)?
1
Suppose -5*x - 552 = 3*y, 3*y - 164 + 716 = 5*x. Let p = -90 - y. What is the tens digit of p?
9
Suppose 2*k + 0*k - f = 18, 0 = -4*f - 16. Let z = -3 + k. Suppose z*o - 130 = -o. What is the units digit of o?
6
Let p(u) = -2*u + 14. Let y be p(6). Suppose 0 = -y*t + 5*q - 10, -q = 3*t - 4*q - 3. Suppose -m + t*h + 14 = h, 2*h = 3*m - 72. What is the units digit of m?
6
Let h(b) = -b**3 + 15*b**2 + 33*b - 9. What is the hundreds digit of h(15)?
4
Suppose -6*x = 5*d - 2*x - 14, -3*x = -3. Suppose -h + 1 = -d. Suppose b = h*b - 18. What is the units digit of b?
9
Let u(k) = 6*k - 7. Let v be u(6). Suppose -5*i + 2*c = 56, -4*i - 5*c - 9 - 16 = 0. Let m = v + i. What is the units digit of m?
9
Suppose o + 2*o = 6. Suppose 0*p = p - o. Suppose -l + p = l. What is the units digit of l?
1
Suppose u + 3*s - 8227 = -4*u, -2*s = 5*u - 8228. What is the tens digit of u?
4
Suppose 2*i = 40 - 34. Let c(x) = -19*x - 1. Let a be c(-4). Suppose -i*t = 2*j - a, -j + 2*t - t + 25 = 0. What is the tens digit of j?
3
Suppose -2*o - 4*y = -o - 8, o + 2*y - 6 = 0. Let k(l) = -l + l - 3 - o*l - l. What is the units digit of k(-4)?
7
Let a = -8 - -8. Suppose 5*z - m = 4*m + 90, -3*m = a. Suppose 20 = 4*y, 4*y - 2*y + z = 4*k. What is the units digit of k?
7
Let f be ((-1)/(-2))/((-2)/(-16)). Suppose -3*w - f + 10 = 0. Suppose 51 = -w*u + 5*u. What is the tens digit of u?
1
Let i(m) = 6*m**2 - m - 5. Let o(f) = -7*f**2 + 4. Let a(w) = -6*i(w) - 5*o(w). Let k be a(7). Suppose -175 = -8*d + k*d. What is the tens digit of d?
3
Suppose 2*n + 2*b + 3 = 11, 15 = -5*b. Let w(x) = 2*x**3 - 11*x**2 + 5*x + 19. What is the tens digit of w(n)?
0
Suppose 4*r + 2*g - 84 = 0, -5*r + 48 = -2*g - 39. Suppose 17*j + 174 = r*j. What is the tens digit of j?
8
Let m = -18 - -8. Let g be (m/25)/(1/(-5)). Suppose g - 38 = -4*a. What is the units digit of a?
9
Let u(f) = 7*f**2 + 10*f. What is the hundreds digit of u(8)?
5
What is the tens digit of (7 - 77/14)/(6/3644)?
1
What is the hundreds digit of 88/(-3)*((-115)/10 - -1)?
3
Suppose -16*i - 48 = -528. What is the tens digit of i?
3
Suppose -8 = -2*c - 4. Suppose -c*h + h - 4*p = 11, -2*h + 2*p = 2. What is the units digit of h/(-3) + (-2 - -34)?
3
Suppose -5 - 20 = 5*p, 4*p = -4*i + 208. What is the units digit of i?
7
Let g(q) = 3*q - 51. Let t be g(15). Let y(s) = -4*s**2 + 4 + 5*s**2 + 4*s + 4. What is the tens digit of y(t)?
2
Suppose -3*l + 5*f = -1264, -70 = 4*l + 4*f - 1766. What is the units digit of l?
3
Let l be 5 - (-3 - -4)*2. Suppose -4*n = -l*n + 4. What is the units digit of (-2)/n - (-104)/16?
7
Let h(t) = -t**2 + 7*t + 3. Let a(p) = p**2 - 8*p + 7. Let c be a(8). Let i be h(c). Suppose -i*k = -0*k - 48. What is the tens digit of k?
1
Suppose -415 = -9*u + 4*u. Let q = 128 - u. Let f = 64 - q. What is the tens digit of f?
1
Suppose 20*y - 10068 = 1852. What is the tens digit of y?
9
Let s = 1939 - 1181. What is the hundreds digit of s?
7
Let q(m) = 148*m**2 - 14*m - 44. What is the thousands digit of q(-3)?
1
Suppose 0 = g + 2 + 13. Let k be (-1 + -1)/(18/153). Let m = g - k. What is the units digit of m?
2
Let s(u) = -67*u + 137. What is the units digit of s(-15)?
2
Suppose -11*s + 3000 = -s. What is the hundreds digit of s?
3
Suppose -s - 6 = -7*s. Let p = s + 57. What is the units digit of p?
8
Suppose 0 = -3*l + 4*l + 36. Let d = -31 - l. Suppose -4*c + 98 = 3*n, 0 = -6*c + d*c + 5. What is the units digit of n?
6
Suppose 5*u = -20, 2*u - 231 = 5*m - 2894. What is the hundreds digit of m?
5
Suppose 3*d - k + 3918 = 8*d, 3*k + 790 = d. What is the units digit of d?
4
Let d(x) be the third derivative of 0 + 1/30*x**5 - 4*x**2 + 1/3*x**3 + 0*x + 3/8*x**4. What is the units digit of d(-6)?
0
Suppose 100 + 20 = -5*r. Let b be (r/28)/(4/(-28)). Suppose b*o - 456 = -2*o. What is the tens digit of o?
5
Suppose 3*z - 6 = z. Suppose 3*q = -z*m, -m + 20 = -3*q - 0*q. Let t = 52 - q. What is the units digit of t?
7
Suppose -5*r - 11 = q, -3*q = -2*r - 2 + 1. What is the tens digit of -4 + 4 + (-116)/r?
5
Suppose -8*k + 357 + 171 = 0. Let u = k + -56. What is the units digit of u?
0
Suppose 455 + 67 = 3*n. Suppose -5*h + 373 = 3*a, 0 = 3*h + 4*a - n - 41. What is the tens digit of h?
7
Let n = 505 + 45. What is the units digit of n?
0
Let n = -7732 - -13896. What is the tens digit of n?
6
Let l = 4 - -7. Let o(r) = -2*r + 2*r**2 + 10 - r**2 + 0*r**2 + l*r. What is the tens digit of o(-10)?
2
Let c be ((-42)/(-35))/((-4)/(-10)). What is the tens digit of c - -191 - (0 - -4)?
9
Let k(f) be the second derivative of f**4/12 - 2*f**3/3 - 9*f**2/2 - 13*f. What is the units digit of k(-7)?
8
Let q = -639 + 1035. What is the hundreds digit of q?
3
Let t = -535 - -1091. Suppose 698 = 5*n - 4*c, 3*n + n - t = 2*c. What is the units digit of n?
8
What is the units digit of (-46020)/(-80) - 3/12?
5
Let a(z) = 97*z + 71. What is the hundreds digit of a(9)?
9
Let q = -3 - -5. Let h(v) = -v**2 + v + 48. Let w be h(0). Suppose -z - 4*z - 20 = 0, -q*b + w = 2*z. What is the tens digit of b?
2
Let l be -1 - ((1 - -1)/(-2) - 4). Suppose l*t = 3*b + 23 + 60, 4*b + 88 = 4*t. What is the tens digit of t?
1
Suppose -4*m = 698 - 158. Let s = m - -226. What is the tens digit of s?
9
Suppose -26 = 2*n - 4*n. Let h = 18 - n. Suppose 0 = h*v - 133 - 22. What is the units digit of v?
1
Let d be (-5604)/(-60) + (-4)/10. Suppose -c + 17 = i - 0*i, -5*c + d = i. What is the tens digit of c?
1
Let q = 5023 - 3050. What is the units digit of q?
3
Let n(j) be the first derivative of j**5/60 - j**4/2 + 25*j**3/6 - 2*j**2 + 10. Let m(o) be the second derivative of n(o). What is the units digit of m(13)?
8
Suppose -13*w = -5*w + 40. Let q = w - -70. What is the tens digit of q?
6
Let s be 122 - ((-2 - 4) + 4). Let a = s - 85. What is the tens digit of a?
3
Let i = 61 - 41. L